
Convert 2511942 (base 11) to base 8.
20516254
What is 100100000111001111100001 (base 2) in base 16?
9073e1
What is 52630045 (base 8) in base 7?
164234254
Convert 534637 (base 13) to base 3.
10200011122011
Convert 14440334 (base 6) to base 16.
7acc2
-2100201002112 (base 3) to base 7
-13441553
2535354 (base 7) to base 11
20483a
7123706 (base 9) to base 7
44154123
Convert 3080653 (base 12) to base 7.
140362551
What is -21232100 (base 4) in base 3?
-2000121222
43234200 (base 5) to base 6
11515534
-1110011001111100100 (base 2) to base 15
-94ce1
What is -4423d8 (base 15) in base 2?
-1100011000111000001100
59298 (base 10) to base 12
2a396
-4edd36 (base 15) to base 7
-44145414
Convert 1046509 (base 10) to base 5.
231442014
2530500 (base 8) to base 10
700736
Convert -154261 (base 8) to base 5.
-3233343
Convert -101221405 (base 7) to base 13.
-12c42c1
What is -331201213031 (base 4) in base 11?
-9116608
Convert -1a6a914 (base 11) to base 2.
-1101010010101010101011
What is -129dac8 (base 15) in base 16?
-cca3f1
Convert 165bb3 (base 15) to base 14.
202799
-106341 (base 10) to base 12
-51659
Convert 12113010 (base 6) to base 16.
5d7fe
What is -141412131 (base 5) in base 14?
-150b78
What is 204002 (base 14) in base 16?
1094a2
Convert -122646 (base 7) to base 3.
-1011000220
25458b (base 12) to base 11
386682
What is 6174745 (base 9) in base 2?
1100100100111101111010
What is -11111110110101000001011 (base 2) in base 6?
-454550231
What is -2b1c4 (base 14) in base 5?
-11414014
What is -131423142 (base 6) in base 11?
-1516869
What is 106036016 (base 7) in base 8?
30560141
-3888301 (base 9) to base 16
-206ddf
Convert -3171466 (base 8) to base 14.
-181410
-110113212 (base 5) to base 4
-1303131210
Convert -32b80c2 (base 13) to base 5.
-12440224133
-912aa1 (base 14) to base 7
-56351061
Convert 1440503 (base 6) to base 7.
464232
What is 1cd6e (base 15) in base 7?
541334
1084071 (base 12) to base 4
30003031111
What is 200020001022102 (base 3) in base 11?
5515529
What is 6b510e (base 15) in base 8?
23443777
-457321 (base 9) to base 4
-1002332332
Convert -1002201011112 (base 3) to base 9.
-1081145
Convert 216405132 (base 7) to base 6.
1145214010
Convert 16624645 (base 7) to base 5.
404334110
What is -2020441 (base 6) in base 12?
-47721
-2a3a7 (base 13) to base 16
-13778
Convert -10100111101010010 (base 2) to base 12.
-41816
Convert 1137706 (base 13) to base 4.
110032002001
Convert -1d865 (base 14) to base 8.
-223741
-1110010000110111 (base 2) to base 12
-29987
Convert 11110a (base 12) to base 7.
2210254
Convert -13aa5 (base 12) to base 14.
-a033
-2a08089 (base 12) to base 11
-4868894
What is 23674a6 (base 12) in base 7?
112162254
Convert 12000223103 (base 4) to base 15.
211cc5
Convert -211b65 (base 14) to base 7.
-12340355
10310113 (base 4) to base 16
4d17
What is 489de0 (base 16) in base 2?
10010001001110111100000
Convert -12a369 (base 15) to base 4.
-3122202231
Convert 232158 (base 9) to base 4.
202001231
Convert -3333251 (base 6) to base 5.
-20333220
e0228 (base 15) to base 8
2551166
-6eab (base 16) to base 5
-1401311
What is 5107aa (base 12) in base 2?
100110101000101110010
Convert 301430 (base 7) to base 15.
1018b
What is 4346242 (base 8) in base 5?
244311443
What is -202545 (base 8) in base 15?
-14c62
What is 111100101100011000110 (base 2) in base 15?
294421
-1001011100101101111000 (base 2) to base 15
-33dd80
What is 15275 (base 14) in base 15?
108db
What is -6022b (base 14) in base 10?
-230927
What is -55121730 (base 8) in base 10?
-11838424
-3015444 (base 8) to base 11
-4a2095
Convert -120070 (base 11) to base 16.
-2e7ca
What is 1892c (base 15) in base 8?
233514
Convert -374800 (base 9) to base 7.
-1632516
Convert 24b61 (base 14) to base 6.
1532521
-1201331130 (base 4) to base 9
-671356
Convert -1001006 (base 8) to base 3.
-111100022020
511168 (base 11) to base 6
25334514
-2b783 (base 16) to base 4
-223132003
Convert 21f917 (base 16) to base 12.
8b455b
-b02517 (base 15) to base 3
-120201210011111
Convert 439915 (base 10) to base 5.
103034130
233334020 (base 5) to base 13
2b7c75
What is 130022124 (base 5) in base 13?
18c244
Convert -277102 (base 8) to base 10.
-97858
What is -104545244 (base 8) in base 15?
-18aadca
Convert -1630125 (base 8) to base 9.
-787232
What is 1000100000011010110 (base 2) in base 7?
2240442
Convert -217626 (base 9) to base 2.
-11111110011100000
What is -1a01d9 (base 15) in base 3?
-2101022200220
Convert -1b7c7d (base 15) to base 12.
-549031
bdbc (base 15) to base 3
2001011220
What is 1475032 (base 14) in base 3?
200202012100211
What is -374077 (base 9) in base 11?
-14492a
What is 1110101001010110010001 (base 2) in base 8?
16512621
Convert 23205 (base 14) to base 4.
110313111
Convert -20022020011110 (base 3) to base 14.
-6330cc
Convert 121223442 (base 5) to base 13.
16c895
What is -8a19218 (base 11) in base 12?
-536529b
-2150909 (base 10) to base 16
-20d1fd
What is -4478a (base 13) in base 6?
-2355333
10010110110010111111001 (base 2) to base 13
1040165
22a709 (base 11) to base 3
200120102220
What is 113133321 (base 4) in base 12?
47849
Convert 267850 (base 10) to base 12.
10b00a
Convert 746237 (base 8) to base 3.
110122112220
What is 822082 (base 11) in base 2?
101000010010111111010
ab63 (base 15) to base 9
54733
111100001110110000 (base 2) to base 14
65c9a
-ff65c (base 16) to base 3
-1222010222202
6a193 (base 13) to base 16
2f459
Convert -59294 (base 11) to base 14.
-23253
Convert 1513552 (base 7) to base 12.
9aa44
What is 54312 (base 14) in base 2?
110001101110001100
-102221001010222 (base 3) to base 15
-853242
-12110220012201 (base 3) to base 4
-23012231023
1010325 (base 6) to base 16
bbcd
What is -1a27841 (base 11) in base 9?
-6384600
What is -24146050 (base 7) in base 4?
-20023332022
Convert 4253332 (base 6) to base 14.
56476
Convert 1605521 (base 7) to base 14.
5a4b8
What is 2404350 (base 11) in base 14?
7b212c
What is -14816165 (base 9) in base 15?
-9b0435
What is 101010001210220 (base 3) in base 16?
52033b
What is 3460246 (base 10) in base 13?
941caa
Convert 111100000101001110110100 (base 2) to base 10.
15750068
Convert -2901 (base 12) to base 4.
-1022101
What is 15582227 (base 9) in base 4?
131231233300
-7a391 (base 11) to base 3
-12220110221
114521500 (base 6) to base 15
2d3499
What is 21859b9 (base 13) in base 5?
10112003212
104052103 (base 6) to base 13
5077c8
Convert 743739 (base 12) to base 6.
103124513
Convert -20230136 (base 7) to base 9.
-3152422
12322553 (base 8) to base 7
32125132
What is -99ee1 (base 15) in base 16?
-77791
-221300101 (base 4) to base 5
-20433100
What is 20232435 (base 6) in base 4?
2031211013
Convert 5135055 (base 6) to base 11.
158960
What is -201100102010120 (base 3) in base 8?
-47163221
-331103230 (base 4) to base 15
-4e611
8e9c1 (base 15) to base 13
12bb12
Convert -12b1d4 (base 15) to base 12.
-37393a
20188a1 (base 13) to base 7
145313331
100101000011011110000 (base 2) to base 11
75a271
What is 2673 (base 10) in base 13?
12a8
What is -79577 (base 12) in base 7?
-1241614
-11010001001011011110 (base 2) to base 15
-11dced
What is 52001025 (base 6) in base 10?
1493225
153446 (base 10) to base 12
74972
-41801a2 (base 12) to base 15
-1141d82
Convert 1f22c (base 16) to base 5.
13040112
Convert 102244101 (base 5) to base 11.
274a26
Convert -1041345 (base 6) to base 5.
-3132233
What is -17874 (base 15) in base 9?
-125421
What is -45047 (base 11) in base 9?
-108472
-110001101001110001101 (base 2) to base 4
-12031032031
Convert -7d0cbb (base 14) to base 8.
-20215305
331110330 (base 4) to base 6
5214540
Convert 1b67d5 (base 14) to base 9.
1751126
-3674565 (base 9) to base 16
-1e7c64
What is 903480 (base 10) in base 6?
31210440
What is -2046610 (base 7) in base 9?
-416154
What is 59b45c (base 13) in base 12?
87162a
Convert 34311132 (base 5) to base 13.
a99a8
What is 31650 (base 10) in base 9?
47366
Convert b15670 (base 15) to base 11.
48326a7
Convert 4bcb6a (base 14) to base 9.
4815844
35948 (base 15) to base 2
101001101101011011
6870 (base 12) to base 10
11604
Convert -9b73cc (base 13) to base 9.
-6815756
65705 (base 14) to base 9
413801
-2af253 (base 16) to base 7
-32631451
What is 2553554 (base 9) in base 11?
872015
What is -19428 (base 14) in base 11?
-44040
What is -217562 (base 10) in base 2?
-11010100